
11411
What is -117765 (base 8) in base 6?
-513325
What is -2221102 (base 3) in base 15?
-97e
Convert -52466 (base 7) to base 13.
-5b70
What is 5162 (base 7) in base 2?
11100010000
What is 166a (base 11) in base 8?
4125
What is -100300 (base 4) in base 15?
-4b7
What is -12210121 (base 3) in base 15?
-13bd
-4321 (base 5) to base 4
-21022
-10371 (base 8) to base 7
-15445
Convert 100122202 (base 3) to base 4.
1232000
What is -99 (base 16) in base 4?
-2121
Convert 1112 (base 13) to base 16.
94d
11031 (base 5) to base 13
46c
-62022 (base 9) to base 12
-1b778
What is -20235 (base 6) in base 7?
-10556
What is -9d90 (base 15) in base 16?
-829b
What is -34051 (base 11) in base 4?
-30002113
-1101011111000 (base 2) to base 7
-26062
Convert 21304 (base 9) to base 11.
a657
Convert 212321 (base 4) to base 10.
2489
Convert 11111000 (base 2) to base 14.
13a
Convert -1011 (base 11) to base 5.
-20333
Convert -12559 (base 13) to base 7.
-200521
-45031 (base 6) to base 4
-1202023
-62b (base 14) to base 11
-a05
What is 53355 (base 6) in base 10?
7271
What is 4c4 (base 14) in base 4?
32330
What is 46262 (base 7) in base 13?
54b0
Convert -806 (base 16) to base 10.
-2054
Convert -13221 (base 5) to base 6.
-4525
-10322 (base 7) to base 12
-1598
Convert -1405 (base 6) to base 2.
-101101101
1045 (base 8) to base 5
4144
a90 (base 12) to base 7
4341
What is 11100000 (base 2) in base 14?
120
Convert -956 (base 16) to base 2.
-100101010110
What is 1111101110100 (base 2) in base 14?
2d12
What is -100110011 (base 2) in base 4?
-10303
What is 6a6 (base 12) in base 7?
2613
Convert 442331 (base 6) to base 16.
8fef
3524 (base 10) to base 8
6704
Convert -3243 (base 5) to base 10.
-448
12737 (base 9) to base 4
2012230
Convert -3576 (base 8) to base 7.
-5410
Convert 34246 (base 8) to base 16.
38a6
Convert -20431 (base 6) to base 7.
-11014
12 (base 9) to base 11
10
-41b (base 15) to base 11
-772
631 (base 13) to base 8
2036
Convert 215201 (base 6) to base 7.
103324
Convert -7000 (base 10) to base 3.
-100121021
What is -8380 (base 11) in base 10?
-11099
-12233030 (base 4) to base 13
-c73a
Convert 347 (base 13) to base 11.
475
What is 110000110001 (base 2) in base 9?
4247
Convert 750b (base 13) to base 2.
11111101101011
3121 (base 6) to base 15
317
Convert 169f (base 16) to base 9.
7844
What is -112212213 (base 4) in base 2?
-10110100110100111
Convert -56085 (base 9) to base 13.
-13c5b
-1621 (base 7) to base 11
-543
-143b (base 13) to base 9
-4007
What is 15518 (base 10) in base 2?
11110010011110
What is -101000100001 (base 2) in base 9?
-3501
What is a710 (base 12) in base 5?
1041200
Convert -2a5 (base 13) to base 9.
-575
What is -5909 (base 11) in base 5?
-222003
What is 210002 (base 6) in base 3?
212010002
What is acd6 (base 14) in base 8?
72434
What is 3300 (base 7) in base 11?
97a
Convert -121a (base 11) to base 5.
-22334
What is -361 (base 10) in base 2?
-101101001
973 (base 10) to base 14
4d7
Convert 467 (base 12) to base 3.
220021
-2031 (base 7) to base 14
-388
Convert 1289 (base 12) to base 10.
2121
Convert -102011 (base 4) to base 15.
-522
-1a8 (base 12) to base 5
-2042
What is 2000220112 (base 3) in base 13?
152b1
1123104 (base 5) to base 8
47664
Convert 3624 (base 8) to base 6.
12552
1102 (base 6) to base 5
2004
What is 44d (base 14) in base 11?
706
2157 (base 8) to base 3
1120001
Convert -4700 (base 10) to base 2.
-1001001011100
What is -8382 (base 12) in base 10?
-14354
What is -111323 (base 5) in base 4?
-331323
281b4 (base 12) to base 10
55576
Convert -110110011001 (base 2) to base 9.
-4687
What is -59b (base 16) in base 15?
-65a
Convert -31 (base 5) to base 14.
-12
-2486 (base 9) to base 7
-5265
What is -1113301 (base 6) in base 2?
-1101110010100101
Convert -976 (base 14) to base 16.
-74c
-2221002 (base 3) to base 8
-4127
What is -465 (base 12) in base 5?
-10103
-203220 (base 5) to base 2
-1101000011101
Convert -244 (base 14) to base 15.
-202
What is -725d (base 15) in base 6?
-303511
Convert 100200001 (base 3) to base 14.
27d6
What is -893 (base 10) in base 14?
-47b
What is 9b69 (base 13) in base 12?
1069b
2033313 (base 4) to base 2
10001111110111
What is -563a (base 14) in base 5?
-434243
Convert 1a8 (base 14) to base 4.
11120
What is 4318 (base 10) in base 11?
3276
-14140 (base 6) to base 16
-8ac
-10426 (base 12) to base 7
-116136
-3105 (base 9) to base 6
-14305
Convert -111201 (base 3) to base 10.
-370
Convert -230452 (base 6) to base 15.
-5c2b
What is -6b38 (base 13) in base 9?
-22624
1013323 (base 4) to base 11
3505
203231 (base 4) to base 2
100011101101
What is -1536 (base 8) in base 4?
-31132
What is 114 (base 16) in base 14?
15a
-23001 (base 6) to base 10
-3241
Convert -12a5 (base 11) to base 12.
-b88
What is 16336 (base 12) in base 3?
1121022120
What is 9347 (base 11) in base 13?
5844
What is -1444323 (base 5) in base 11?
-214a6
What is b73 (base 16) in base 8?
5563
577 (base 11) to base 14
373
196 (base 12) to base 7
516
What is -6504 (base 13) in base 6?
-144543
1a1a (base 13) to base 3
12100211
What is 265 (base 7) in base 5?
1040
-1a1 (base 15) to base 8
-570
What is -210301 (base 5) in base 12?
-4033
104137 (base 8) to base 2
1000100001011111
Convert 103 (base 7) to base 8.
64
Convert -e02 (base 15) to base 3.
-11022202
378 (base 15) to base 8
1424
Convert -348 (base 11) to base 6.
-1531
What is 1387c (base 13) in base 9?
55184
What is -135301 (base 7) in base 13?
-ba13
Convert -259 (base 11) to base 2.
-100110010
Convert -1040 (base 8) to base 10.
-544
Convert -13211 (base 5) to base 14.
-556
-210102 (base 5) to base 11
-5205
-6694 (base 10) to base 12
-3a5a
-230 (base 7) to base 10
-119
What is -10130223 (base 4) in base 14?
-68d5
Convert -20302 (base 4) to base 13.
-343
18828 (base 11) to base 2
110011010101111
Convert -223030 (base 4) to base 7.
-11026
1610 (base 10) to base 11
1234
What is -2da (base 16) in base 9?
-1001
Convert 16244 (base 7) to base 5.
121324
What is -53458 (base 11) in base 4?
-102332301
Convert 101132 (base 4) to base 5.
13433
Convert 16a (base 16) to base 6.
1402
What is 2352 (base 11) in base 6?
22134
What is 1013 (base 5) in base 2?
10000101
What is -12043 (base 5) in base 13?
-541
Convert -1653 (base 12) to base 14.
-d79
What is -149 (base 12) in base 10?
-201
Convert 142 (base 8) to base 12.
82
Convert 583 (base 15) to base 11.
a35
What is -423 (base 9) in base 16?
-159
-11d (base 16) to base 15
-140
Convert 4210 (base 8) to base 7.
6240
What is 3304 (base 6) in base 8?
1370
Convert -2205 (base 16) to base 5.
-234314
What is 673 (base 10) in base 7?
1651
What is 26b (base 13) in base 3?
120211
Convert 100101001111111 (base 2) to base 8.
45177
Convert -122357 (base 8) to base 10.
-42223
Convert 3c95 (base 13) to base 9.
12882
What is 1120221 (base 4) in base 12?
3349
Convert -100000000110010 (base 2) to base 16.
-4032
-11011111001100 (base 2) to base 5
-424114
What is -1139 (base 13) in base 8?
-4556
Convert -6154 (base 9) to base 11.
-3425
1122212 (base 3) to base 16
4bb
Convert 610 (base 10) to base 9.
747
324 (base 12) to base 2
111001100
What is -550 (base 9) in base 3?
-121200
-3806 (base 16) to base 4
-3200012
-49b4 (base 16) to base 12
-ab04
c69 (base 13) to base 16
843
What is -2838 (base 9) in base 5?
-32031
Convert 120201001 (base 3) to base 11.
8669
Convert 11095 (base 11) to base 10.
16076
Convert -101504 (base 7) to base 14.
-64ab
-240013 (base 7) to base 15
-cc1d
What is -855 (base 11) in base 15?
-488
Convert 6b24 (base 13) to base 14.
56c7
Convert a57 (base 12) to base 15.
6a7
-113245 (base 6) to base 13
-4616
-100011111111010 (base 2) to base 5
-1042201
Convert 12347 (base 9) to base 4.
2001301
-192 (base 12) to base 16
-fe
What is 2102210 (base 3) in base 6?
12120
What is -1020132 (base 4) in base 10?
-4638
Convert 15254 (base 7) to base 11.
3217
Convert 3212023 (base 4) to base 9.
22177
Convert 55512 (base 9) to base 15.
adcb
Convert -33440 (base 5) to base 9.
-3223
What is -101201101 (base 3) in base 5?
-222223
Convert -100000011100 (base 2) to base 6.
-13340
Convert 1115 (base 15) to base 2.
111000100100
4620 (base 7) to base 12
b80
What is 2516 (base 7) in base 6?
4212
What is -4155 (base 6) in base 14?
-4ab
Convert 2127 (base 10) to base 12.
1293
Convert -333 (base 4) to base 3.
-2100
What is 4063